{"id":1885,"date":"2026-01-26T16:19:28","date_gmt":"2026-01-26T15:19:28","guid":{"rendered":"https:\/\/trenerdrzewiecka.pl\/?post_type=product&#038;p=1885"},"modified":"2026-01-26T16:20:27","modified_gmt":"2026-01-26T15:20:27","slug":"legginsy-o-rozszerzanym-kroju","status":"publish","type":"product","link":"https:\/\/trenerdrzewiecka.pl\/?product=legginsy-o-rozszerzanym-kroju","title":{"rendered":"LEGGINSY O ROZSZERZANYM KROJU &#8211; DZWONY"},"content":{"rendered":"<p class=\"tw-data-text tw-text-large tw-ta\" dir=\"ltr\" tabindex=\"-1\" role=\"text\" data-placeholder=\"T\u0142umaczenie\" data-ved=\"2ahUKEwjqiMXFvqmSAxVQS_EDHQ-eAdoQ3ewLegQIDBAX\" aria-label=\"Przet\u0142umaczony tekst: Legginsy o rozszerzanym kroju. Mi\u0119kki, elastyczny materia\u0142. Pas z tego samego materia\u0142u z ukryt\u0105 kieszonk\u0105 na monety. Produkt nie posiada metki z nazw\u0105 marki na karku ani w pasie. Odpinane metki z logo lub p\u0119telk\u0105. Wewn\u0119trzna metka na szwie zawiera wa\u017cne informacje o produkcie, a druga metka zawiera informacje o marce, kt\u00f3r\u0105 mo\u017cna odci\u0105\u0107. Zalecamy u\u017cycie winylu i tuszy blokuj\u0105cych \u015bwiat\u0142o.\"><span class=\"Y2IQFc\" lang=\"pl\">Legginsy o rozszerzanym kroju, wykonane z: 80% poliester z recyklingu i 20% z<br \/>\nelastanu.<\/span><\/p>\n<p>&nbsp;<\/p>\n<p>Charakteryzuj\u0105 si\u0119 bardzo modnym designem. Doskona\u0142e do aktywno\u015bci fizycznych i codziennych stylizacji.<\/p>\n<p>Przylegaj\u0105 w biodrach i udach a rozszerzane s\u0105 od kolan w d\u00f3\u0142 co daje efekt wyd\u0142u\u017cenia sylwetki.<\/p>\n<p>Wysoki stan i elastyczny pas podkre\u015blaj\u0105, modeluj\u0105 tali\u0119 a dodatkowo zapewniaj\u0105 ogromny komfort.<\/p>\n<p>&nbsp;<\/p>\n","protected":false},"excerpt":{"rendered":"<p>Legginsy o rozszerzanym kroju, wykonane z: 80% poliester z recyklingu i 20% z elastanu. &nbsp; Charakteryzuj\u0105 si\u0119 bardzo modnym designem. Doskona\u0142e do aktywno\u015bci fizycznych i codziennych stylizacji. Przylegaj\u0105 w biodrach i udach a rozszerzane s\u0105 od kolan w d\u00f3\u0142 co daje efekt wyd\u0142u\u017cenia sylwetki. Wysoki stan i elastyczny pas podkre\u015blaj\u0105, modeluj\u0105 tali\u0119 a dodatkowo zapewniaj\u0105 ogromny komfort. &nbsp;<\/p>\n","protected":false},"featured_media":1886,"comment_status":"open","ping_status":"closed","template":"","meta":[],"product_brand":[],"product_cat":[110,109,107,113,117,116],"product_tag":[],"class_list":{"0":"post-1885","1":"product","2":"type-product","3":"status-publish","4":"has-post-thumbnail","6":"product_cat-bikery","7":"product_cat-legginsy","8":"product_cat-odziez","9":"product_cat-spodenki","10":"product_cat-spodnie","11":"product_cat-spodnie-dresowe","13":"first","14":"instock","15":"shipping-taxable","16":"purchasable","17":"product-type-variable"},"jetpack_sharing_enabled":true,"_links":{"self":[{"href":"https:\/\/trenerdrzewiecka.pl\/index.php?rest_route=\/wp\/v2\/product\/1885","targetHints":{"allow":["GET"]}}],"collection":[{"href":"https:\/\/trenerdrzewiecka.pl\/index.php?rest_route=\/wp\/v2\/product"}],"about":[{"href":"https:\/\/trenerdrzewiecka.pl\/index.php?rest_route=\/wp\/v2\/types\/product"}],"replies":[{"embeddable":true,"href":"https:\/\/trenerdrzewiecka.pl\/index.php?rest_route=%2Fwp%2Fv2%2Fcomments&post=1885"}],"wp:featuredmedia":[{"embeddable":true,"href":"https:\/\/trenerdrzewiecka.pl\/index.php?rest_route=\/wp\/v2\/media\/1886"}],"wp:attachment":[{"href":"https:\/\/trenerdrzewiecka.pl\/index.php?rest_route=%2Fwp%2Fv2%2Fmedia&parent=1885"}],"wp:term":[{"taxonomy":"product_brand","embeddable":true,"href":"https:\/\/trenerdrzewiecka.pl\/index.php?rest_route=%2Fwp%2Fv2%2Fproduct_brand&post=1885"},{"taxonomy":"product_cat","embeddable":true,"href":"https:\/\/trenerdrzewiecka.pl\/index.php?rest_route=%2Fwp%2Fv2%2Fproduct_cat&post=1885"},{"taxonomy":"product_tag","embeddable":true,"href":"https:\/\/trenerdrzewiecka.pl\/index.php?rest_route=%2Fwp%2Fv2%2Fproduct_tag&post=1885"}],"curies":[{"name":"wp","href":"https:\/\/api.w.org\/{rel}","templated":true}]}}